reatest common divisor of g and 1898.
26
Suppose 6*w - 3*w + 27 = 0. Let n be 1872/15 - w/45. Calculate the highest common divisor of 50 and n.
25
Suppose -179 = -4*o + o - 5*l, l = -o + 61. Let a = 382 - 375. Calculate the greatest common factor of o and a.
7
Suppose 2*a + 0*a = 108. Suppose -26*y + 31*y = 75. Suppose 0 = -6*i + y*i - 81. What is the highest common divisor of i and a?
9
Suppose -150 = -4*s + 3*s + 4*g, 4*s + 4*g - 520 = 0. Let p = s - 68. Let t = 73 - p. Calculate the highest common factor of 7 and t.
7
Suppose -3*k = 9, 5*k - 16 = 2*i - 87. Let b be (8/i)/(1 + 34/(-35)). Calculate the greatest common divisor of 290 and b.
10
Let z(d) = -3*d**3 - 479*d**2 + 134*d - 3946. Let h be z(-160). What is the highest common divisor of 94 and h?
2
Let t(u) = 862*u - 3636. Let i be t(6). What is the highest common factor of i and 18?
6
Let q = -635 - -810. Suppose 10*b = -q + 2375. What is the highest common factor of 40 and b?
20
Suppose 4498 - 3518 = 10*v. What is the greatest common factor of v and 49?
49
Suppose 0 = -28*z + 24*z - 32. Let p be z/(-12)*(-51)/(-2). Suppose p*r - 22 = 15*r. Calculate the highest common factor of r and 1.
1
Let i(v) = 3*v - 59. Let x be i(10). Let w = x + 32. Suppose 6*a - 5*f = 3*a + 103, -3*a = -w*f - 99. What is the greatest common divisor of a and 279?
31
Let d be (((-1241400)/(-175))/24)/((-2)/(-14)). Calculate the greatest common divisor of 1 and d.
1
Let y(a) = 18 + a**2 - 5*a + 7*a + 11*a. Suppose 31 = -3*q - 5*s, 463*q - 32 = 466*q + 4*s. Let k be y(q). Calculate the highest common factor of 54 and k.
6
Suppose 0 = -26*v + 46088 + 17586. What is the greatest common factor of v and 124?
31
Let o(p) = -132*p - 612. Let w be o(-6). Calculate the highest common divisor of 300 and w.
60
Let p = 555 + -470. Suppose -4*f = -19 - 37. Let v be (-8)/28 - (-480)/f. What is the greatest common factor of p and v?
17
Let j = -5 - 29. Let z = 78 + j. Let n = z - 25. Calculate the greatest common divisor of 19 and n.
19
Suppose -14*u = -10*u + 36. Let v be u/(6 + 402/(-66)). Let t = 25 + -14. What is the highest common factor of t and v?
11
Suppose -d + 5*y - 4 = 34, 2*y + 66 = -d. Let s = -34 - d. Suppose -12 = s*n - 27*n. Calculate the highest common factor of n and 20.
4
Let u(z) = 43*z + 260. Let l be (-2975)/510 - 5/(-6). Let r be u(l). Calculate the greatest common divisor of r and 30.
15
Suppose r + 5 = -68. Let g = 77 + r. Suppose -z - 3*z = -p - 563, 0 = g*z + p - 557. Calculate the greatest common factor of 56 and z.
28
Suppose i - 11*k - 1103 = -14*k, 5629 = 5*i - 4*k. What is the highest common factor of 57 and i?
19
Suppose -23*z + 24927 = 5423. What is the greatest common factor of 2014 and z?
106
Let a be 19 - (-15)/(-5) - 2/(-1). Suppose -2*i + 22 = 5*j, -4*j + a = 4*i - 7*j. Calculate the greatest common divisor of i and 216.
6
Suppose -11*f = -1514 - 851. Let m = f - 103. Calculate the greatest common factor of 42 and m.
14
Let f be (1*-3*1)/((-675)/46800). What is the greatest common divisor of 481 and f?
13
Suppose 645 = a + 3*z, -11*z = -3*a - 13*z + 1977. What is the greatest common divisor of 153 and a?
51
Let q be 20562/1 - (189/(-378) - (-9)/(-2)). What is the highest common factor of q and 393?
131
Let x be (7 - 1)*(538 + -239). What is the highest common factor of 4 and x?
2
Suppose -25014 + 105612 = 23*w + 34*w. Calculate the greatest common divisor of w and 182.
14
Suppose -4*j = -w, 7*j - 6*j + 19 = 5*w. Suppose -w*x + 4*s + 1984 = 8*s, -s + 1984 = 4*x. What is the highest common factor of 16 and x?
16
Suppose -438169 = -146*k + 988091 - 448498. What is the highest common divisor of k and 74?
37
Let r(p) = -100*p + 5. Let x be r(-4). Let m = 1819 - 1774. What is the highest common divisor of m and x?
45
Suppose 3*m = m + 4. Suppose 46 = 3*p + 4*k, m*k + 17 + 81 = 4*p. Suppose -42*z = -321 - 1065. Calculate the highest common divisor of p and z.
11
Let w = -157 - -256. Let s = w - 92. What is the highest common factor of 175 and s?
7
Let g = -25 + 30. Let a be -4 - -1*35/g. Suppose b - a - 5 = 0. What is the greatest common factor of 128 and b?
8
Let w be (2/(-8))/(96/(-20736)). Suppose -3*g - 5*a + 4 - 1 = 0, 4*g + 5*a = 9. Let d be (-1)/3 + 218/g. Calculate the greatest common factor of d and w.
18
Let u be (0 - 3) + (-28 - -3177) - -6. Calculate the highest common factor of u and 80.
16
Suppose -x = 0, -3*l + 1008 + 21 = 5*x. Suppose 28*j - l = -63. Let z(u) = 9*u**2 - 3*u. Let a be z(-3). What is the greatest common factor of j and a?
10
Suppose -290 = -10*r - 20. Suppose 6*b - r = 21. Let d be 1116/20 + 2/10. What is the highest common factor of d and b?
8
Let m(k) = 5*k**3 + 12*k**2 + 113*k - 599. Let j be m(5). What is the greatest common factor of 6633 and j?
99
Let h(b) = -2*b**2 + 25*b + 18. Let i be h(11). Suppose 55*x - 552 = i*x. What is the highest common divisor of 345 and x?
69
Suppose -6*u - s = -5*u + 212, 0 = 3*s - 12. Let v be (-24)/90*5*u. What is the greatest common divisor of 27 and v?
9
Let w be 8 + ((-44)/(-36) - (-8)/(-36)). Suppose 10*f - 18 = w*f. What is the greatest common divisor of 144 and f?
18
Let s = -155 + 384. Suppose -2*z - s = -5*w - 4*z, -200 = -4*w + 4*z. Suppose -25 = -4*p + w. What is the greatest common divisor of 12 and p?
6
Let b be 1*-1*(4 - 81). Let c = b - 74. Let u be (c/12)/((-1)/(-12) - 0). What is the highest common factor of 15 and u?
3
Let o(y) = 34*y**2 - 41*y + 210. Let v be o(8). What is the greatest common divisor of v and 1274?
98
Suppose -9*f - 81 + 3321 = 0. Calculate the greatest common divisor of 230 and f.
10
Suppose 11*a - 1755 - 3981 = -1776. What is the greatest common divisor of 3015 and a?
45
Let j(n) = -56*n - 501. Let r be j(-12). What is the highest common factor of r and 2185?
19
Suppose -m + 5*m + 16 = 0. Let w be 75/4*-1*m. Let t = 4319 + -4269. Calculate the highest common divisor of t and w.
25
Suppose -5*u + 225 = -975. Let j(f) = 2*f**3 - 5*f**2 + 10*f - 9. Let h be j(3). What is the greatest common factor of h and u?
30
Let k be ((-1716)/260)/(((-6)/1125)/2). Calculate the highest common factor of 18 and k.
9
Suppose -216*n + 18*n = 70*n - 109344. What is the greatest common divisor of n and 960?
24
Suppose -27*a + 26 + 1 = 0. Suppose i - 65 = -4*i. Calculate the highest common divisor of a and i.
1
Let b be (-45)/(-18) + 12/(-24). Calculate the greatest common divisor of b and 114.
2
Let t be (-3)/((4/1 + -3)*-1). Suppose 3*q + 4*v - 20 = 0, -3*v = -9 + t. Calculate the highest common factor of 16 and q.
4
Suppose 3*d + 2*q - 481 = 0, 0*d - d = -q - 162. Let m be 7*(-6 + 7)*1. What is the highest common factor of m and d?
7
Let k be 51 + (-14)/(-21)*18/3. Suppose 18*d - 1475 = k. What is the greatest common divisor of 25 and d?
5
Suppose 307*t - 583 = 254*t. Calculate the greatest common factor of 52811 and t.
11
Suppose -12*q - 261 = -15*q. Let k be 2/5*(-60)/(-12) + 143. Calculate the greatest common divisor of k and q.
29
Suppose 2*d = 24 + 14. Let p be -3 + 4 + -2*55/10. Let u = p + d. What is the greatest common divisor of u and 6?
3
Let p(d) = d + 651. Let i be p(-6). What is the highest common factor of i and 6?
3
Let k be 319/(-88) - (3 - 84/32). Let y be 8 + 28/49*(-42)/k. What is the greatest common divisor of y and 322?
14
Let n be 85/68 - 3/(-4). Let t be (-128)/(-12)*(29/n - -2). Calculate the highest common divisor of t and 16.
16
Let u(l) = -l**3 + 30*l**2 + 13*l - 21. Let c be u(30). Let j = -265 + c. Calculate the highest common divisor of 143 and j.
13
Suppose 1428 = 43*f + 8*f. Let y = 508 - 158. Calculate the greatest common factor of y and f.
14
Let s(g) = -8*g**2 - 41*g + 129. Let k(o) = 18*o**2 + 81*o - 256. Let a(d) = -3*k(d) - 7*s(d). Let f be a(-25). What is the greatest common factor of f and 115?
5
Let q = 2904 - 2616. Let l = 32 - -4. What is the highest common factor of l and q?
36
Let o be (78/13)/(2/13). Suppose 3*p = -2*p + 1235. What is the highest common factor of o and p?
13
Let z(b) = 237*b**2 + 44*b + 10. Let g be z(7). What is the greatest common divisor of g and 164?
41
Let g = 4027 - 122. What is the greatest common divisor of g and 55?
55
Suppose 0 = 2*a - 16*a + 70. Let k be (-24)/(-10)*a/3. Suppose 5*l = m + 181, -2*l + 3*l - m - 37 = 0. Calculate the h